{"id":16,"date":"2016-07-17T17:00:11","date_gmt":"2016-07-17T15:00:11","guid":{"rendered":"http:\/\/www.adopte-un-rongeur.fr\/2016\/?page_id=16"},"modified":"2026-04-12T22:51:20","modified_gmt":"2026-04-12T20:51:20","slug":"adherer","status":"publish","type":"page","link":"https:\/\/www.adopte-un-rongeur.fr\/asso\/nous-aider\/adherer\/","title":{"rendered":"Adh\u00e9rer \u00e0 l&rsquo;association"},"content":{"rendered":"\n<div class=\"wp-block-cover alignfull is-light sliderbox\" style=\"min-height:250px;aspect-ratio:unset;\"><img decoding=\"async\" class=\"wp-block-cover__image-background wp-image-1921\" alt=\"\" src=\"http:\/\/www.adopte-un-rongeur.fr\/asso\/wp-content\/uploads\/2025\/04\/site-2--scaled.jpg\" data-object-fit=\"cover\"\/><span aria-hidden=\"true\" class=\"wp-block-cover__background has-background-dim-30 has-background-dim\" style=\"background-color:#b4a496\"><\/span><div class=\"wp-block-cover__inner-container is-layout-flow wp-block-cover-is-layout-flow\">\n<div class=\"wp-block-columns alignwide mx-md-5 px-md-5 mx-0 is-layout-flex wp-container-core-columns-is-layout-9d6595d7 wp-block-columns-is-layout-flex\">\n<div class=\"wp-block-column is-vertically-aligned-center mx-5 is-layout-flow wp-block-column-is-layout-flow\">\n<h1 class=\"wp-block-heading has-text-align-center mb-0\" style=\"font-size:38px\"><strong>ADHERER<\/strong><\/h1>\n<\/div>\n<\/div>\n<\/div><\/div>\n\n\n\n<p class=\"has-medium-font-size\">Vous souhaitez soutenir l\u2019association en devenant adh\u00e9rant ?<\/p>\n\n\n\n<p class=\"has-medium-font-size\">Vous pouvez nous rejoindre en quelques clics via HelloAsso :<\/p>\n\n\n\n<div class=\"wp-block-buttons is-content-justification-center is-layout-flex wp-container-core-buttons-is-layout-16018d1d wp-block-buttons-is-layout-flex\">\n<div class=\"wp-block-button\"><a class=\"wp-block-button__link has-text-align-center wp-element-button\" href=\"https:\/\/www.helloasso.com\/associations\/adopte-un-rongeur\" target=\"_blank\" rel=\"noreferrer noopener\">Adh\u00e9rer en ligne<\/a><\/div>\n<\/div>\n\n\n\n<p class=\"has-medium-font-size\">Vous pouvez aussi remplir le \u00ab Bulletin d&rsquo;adh\u00e9sion<sup>1<\/sup> \u00bb ci-dessous et nous le retourner par courrier, accompagn\u00e9 de votre r\u00e8glement par ch\u00e8que : <\/p>\n\n\n\n<div class=\"wp-block-buttons is-content-justification-center is-layout-flex wp-container-core-buttons-is-layout-16018d1d wp-block-buttons-is-layout-flex\">\n<div class=\"wp-block-button\"><a class=\"wp-block-button__link wp-element-button\" href=\"http:\/\/www.adopte-un-rongeur.fr\/asso\/wp-content\/uploads\/2017\/09\/bulletin_adhesion_AdopteunRongeur_v2.docx\">T\u00e9l\u00e9charger ici<\/a><\/div>\n<\/div>\n\n\n\n<p><\/p>\n\n\n\n<p><strong>Notes<\/strong><br>[1] \u00ab Les informations recueillies via le bulletin sont n\u00e9cessaires pour votre adh\u00e9sion. Elles font l\u2019objet d\u2019un traitement informatique et sont destin\u00e9es au Bureau de l\u2019Association. En application des articles 39 et suivants de la loi du 6 janvier 1978 modifi\u00e9e, vous b\u00e9n\u00e9ficiez d\u2019un droit d\u2019acc\u00e8s et de rectification aux informations qui vous concernent. Si vous souhaitez exercer ce droit et obtenir communication des informations vous concernant, veuillez vous adresser au Bureau : contact@adopte-un-rongeur.fr \u00bb<\/p>\n\n\n\n<p><\/p>\n","protected":false},"excerpt":{"rendered":"<p>Vous souhaitez soutenir l\u2019association en devenant adh\u00e9rant ? Vous pouvez nous rejoindre en quelques clics via HelloAsso : Vous pouvez aussi remplir le \u00ab Bulletin d&rsquo;adh\u00e9sion1 \u00bb ci-dessous et nous le retourner par courrier, accompagn\u00e9 de votre r\u00e8glement par ch\u00e8que : Notes[1] \u00ab Les informations recueillies via le bulletin sont n\u00e9cessaires pour votre adh\u00e9sion. Elles [&hellip;]<\/p>\n","protected":false},"author":1,"featured_media":0,"parent":14,"menu_order":0,"comment_status":"closed","ping_status":"closed","template":"","meta":{"footnotes":""},"class_list":["post-16","page","type-page","status-publish","hentry"],"_links":{"self":[{"href":"https:\/\/www.adopte-un-rongeur.fr\/asso\/wp-json\/wp\/v2\/pages\/16","targetHints":{"allow":["GET"]}}],"collection":[{"href":"https:\/\/www.adopte-un-rongeur.fr\/asso\/wp-json\/wp\/v2\/pages"}],"about":[{"href":"https:\/\/www.adopte-un-rongeur.fr\/asso\/wp-json\/wp\/v2\/types\/page"}],"author":[{"embeddable":true,"href":"https:\/\/www.adopte-un-rongeur.fr\/asso\/wp-json\/wp\/v2\/users\/1"}],"replies":[{"embeddable":true,"href":"https:\/\/www.adopte-un-rongeur.fr\/asso\/wp-json\/wp\/v2\/comments?post=16"}],"version-history":[{"count":30,"href":"https:\/\/www.adopte-un-rongeur.fr\/asso\/wp-json\/wp\/v2\/pages\/16\/revisions"}],"predecessor-version":[{"id":2451,"href":"https:\/\/www.adopte-un-rongeur.fr\/asso\/wp-json\/wp\/v2\/pages\/16\/revisions\/2451"}],"up":[{"embeddable":true,"href":"https:\/\/www.adopte-un-rongeur.fr\/asso\/wp-json\/wp\/v2\/pages\/14"}],"wp:attachment":[{"href":"https:\/\/www.adopte-un-rongeur.fr\/asso\/wp-json\/wp\/v2\/media?parent=16"}],"curies":[{"name":"wp","href":"https:\/\/api.w.org\/{rel}","templated":true}]}}