{"id":1586,"date":"2025-02-21T11:32:50","date_gmt":"2025-02-21T10:32:50","guid":{"rendered":"https:\/\/www.adopte-un-rongeur.fr\/asso\/?page_id=1586"},"modified":"2025-09-03T14:31:16","modified_gmt":"2025-09-03T12:31:16","slug":"association-adopte-un-rongeur-accueil","status":"publish","type":"page","link":"http:\/\/www.adopte-un-rongeur.fr\/asso\/","title":{"rendered":"Accueil"},"content":{"rendered":"\n<div class=\"wp-block-cover alignfull is-light sliderbox\" style=\"min-height:400px;aspect-ratio:unset;\"><img loading=\"lazy\" decoding=\"async\" width=\"851\" height=\"315\" class=\"wp-block-cover__image-background wp-image-1870\" alt=\"\" src=\"https:\/\/www.adopte-un-rongeur.fr\/asso\/wp-content\/uploads\/2025\/03\/banner-copy.jpg\" data-object-fit=\"cover\" srcset=\"http:\/\/www.adopte-un-rongeur.fr\/asso\/wp-content\/uploads\/2025\/03\/banner-copy.jpg 851w, http:\/\/www.adopte-un-rongeur.fr\/asso\/wp-content\/uploads\/2025\/03\/banner-copy-300x111.jpg 300w, http:\/\/www.adopte-un-rongeur.fr\/asso\/wp-content\/uploads\/2025\/03\/banner-copy-768x284.jpg 768w\" sizes=\"auto, (max-width: 851px) 100vw, 851px\" \/><span aria-hidden=\"true\" class=\"wp-block-cover__background has-background-dim-40 has-background-dim\" style=\"background-color:#967a67\"><\/span><div class=\"wp-block-cover__inner-container is-layout-flow wp-block-cover-is-layout-flow\">\n<div class=\"wp-block-columns alignwide mx-md-5 px-md-5 mx-0 is-layout-flex wp-container-core-columns-is-layout-9d6595d7 wp-block-columns-is-layout-flex\">\n<div class=\"wp-block-column is-vertically-aligned-center mx-5 is-layout-flow wp-block-column-is-layout-flow\">\n<h1 class=\"wp-block-heading has-text-align-center mb-0\" style=\"font-size:38px\"><strong>ADOPTE UN RONGEUR<\/strong><\/h1>\n\n\n\n<p class=\"has-text-align-center mb-0\" style=\"font-size:22px\">est une association \u00e0 but non lucratif d\u00e9clar\u00e9e loi 1901 et reconnue d\u2019int\u00e9r\u00eat g\u00e9n\u00e9ral.<\/p>\n\n\n\n<p class=\"has-text-align-center mb-0\" style=\"font-size:22px\">L\u2019 association a pour but&nbsp;la protection des cochons d\u2019Inde et hamsters. &nbsp;<\/p>\n<\/div>\n<\/div>\n<\/div><\/div>\n\n\n\n<div style=\"height:50px\" aria-hidden=\"true\" class=\"wp-block-spacer\"><\/div>\n\n\n\n<div class=\"wp-block-media-text alignwide is-stacked-on-mobile\" style=\"grid-template-columns:32% auto\"><figure class=\"wp-block-media-text__media\"><img loading=\"lazy\" decoding=\"async\" width=\"863\" height=\"1024\" src=\"http:\/\/www.adopte-un-rongeur.fr\/asso\/wp-content\/uploads\/2025\/04\/DSC_0886-scaled-e1743586013690-863x1024.jpg\" alt=\"\" class=\"wp-image-1915 size-full\" srcset=\"http:\/\/www.adopte-un-rongeur.fr\/asso\/wp-content\/uploads\/2025\/04\/DSC_0886-scaled-e1743586013690-863x1024.jpg 863w, http:\/\/www.adopte-un-rongeur.fr\/asso\/wp-content\/uploads\/2025\/04\/DSC_0886-scaled-e1743586013690-253x300.jpg 253w, http:\/\/www.adopte-un-rongeur.fr\/asso\/wp-content\/uploads\/2025\/04\/DSC_0886-scaled-e1743586013690-768x911.jpg 768w, http:\/\/www.adopte-un-rongeur.fr\/asso\/wp-content\/uploads\/2025\/04\/DSC_0886-scaled-e1743586013690-1295x1536.jpg 1295w, http:\/\/www.adopte-un-rongeur.fr\/asso\/wp-content\/uploads\/2025\/04\/DSC_0886-scaled-e1743586013690.jpg 1709w\" sizes=\"auto, (max-width: 863px) 100vw, 863px\" \/><\/figure><div class=\"wp-block-media-text__content\">\n<h2 class=\"wp-block-heading\">Les missions de l\u2019association<\/h2>\n\n\n\n<ul class=\"wp-block-list\">\n<li class=\"has-medium-font-size\">Informer le public sur les besoins des cochons d\u2019Inde et hamsters et sur la possibilit\u00e9 de les adopter aupr\u00e8s d\u2019associations ou de refuges,<\/li>\n\n\n\n<li class=\"has-medium-font-size\">Conseiller au mieux tout particulier qui aurait besoin d\u2019information pour le bien-\u00eatre de ses animaux,<\/li>\n\n\n\n<li class=\"has-medium-font-size\">Accueillir des cochons d\u2019inde et hamsters abandonn\u00e9s : pour cela nous avons des familles d\u2019accueil qui prennent en charge les animaux abandonn\u00e9s, les soignent et s\u2019en occupent jusqu\u2019\u00e0 ce que s\u2019ils soient pr\u00eats \u00e0 \u00eatre adopt\u00e9s. L\u2019association leur trouve ensuite un nouveau foyer d\u2019adoption.<\/li>\n<\/ul>\n<\/div><\/div>\n\n\n\n<div style=\"height:50px\" aria-hidden=\"true\" class=\"wp-block-spacer\"><\/div>\n\n\n\n<figure class=\"wp-block-pullquote alignwide has-text-align-center has-medium-font-size\"><blockquote><p><strong>IMPORTANT<\/strong><br>Adopte-un-Rongeur est reconnue d\u2019int\u00e9r\u00eat g\u00e9n\u00e9ral et \u00e0 ce titre nous sommes en mesure de d\u00e9livrer des re\u00e7us fiscaux ! <br><strong>Vos dons sont donc d\u00e9ductibles des imp\u00f4ts \u00e0 hauteur de 66%<\/strong>.<\/p><cite><a href=\"https:\/\/www.adopte-un-rongeur.fr\/asso\/nous-aider\/faire-un-don\/\" data-type=\"page\" data-id=\"73\">FAIRE UN DON<\/a><\/cite><\/blockquote><\/figure>\n\n\n\n<div class=\"wp-block-group\"><div class=\"wp-block-group__inner-container is-layout-constrained wp-block-group-is-layout-constrained\">\n<h2 class=\"wp-block-heading\">Derni\u00e8res nouvelles<\/h2>\n\n\n<ul class=\"wp-block-latest-posts__list is-grid columns-4 has-dates aligncenter wp-block-latest-posts\"><li><div class=\"wp-block-latest-posts__featured-image aligncenter\"><img loading=\"lazy\" decoding=\"async\" width=\"150\" height=\"150\" src=\"http:\/\/www.adopte-un-rongeur.fr\/asso\/wp-content\/uploads\/2026\/03\/ritournelle_ficelle_adoption-150x150.jpg\" class=\"attachment-thumbnail size-thumbnail wp-post-image\" alt=\"\" style=\"\" \/><\/div><a class=\"wp-block-latest-posts__post-title\" href=\"http:\/\/www.adopte-un-rongeur.fr\/asso\/ritournelle-et-ficelle-adoptees\/\">Ritournelle et Ficelle, adopt\u00e9es<\/a><time datetime=\"2026-03-25T10:31:58+01:00\" class=\"wp-block-latest-posts__post-date\">25 mars 2026<\/time><\/li>\n<li><div class=\"wp-block-latest-posts__featured-image aligncenter\"><img loading=\"lazy\" decoding=\"async\" width=\"150\" height=\"150\" src=\"http:\/\/www.adopte-un-rongeur.fr\/asso\/wp-content\/uploads\/2025\/12\/IMG_4715-150x150.jpg\" class=\"attachment-thumbnail size-thumbnail wp-post-image\" alt=\"\" style=\"\" \/><\/div><a class=\"wp-block-latest-posts__post-title\" href=\"http:\/\/www.adopte-un-rongeur.fr\/asso\/qwetch-adoptee\/\">Qwetch adopt\u00e9e<\/a><time datetime=\"2026-01-11T19:31:54+01:00\" class=\"wp-block-latest-posts__post-date\">11 janvier 2026<\/time><\/li>\n<li><div class=\"wp-block-latest-posts__featured-image aligncenter\"><img loading=\"lazy\" decoding=\"async\" width=\"150\" height=\"150\" src=\"http:\/\/www.adopte-un-rongeur.fr\/asso\/wp-content\/uploads\/2025\/12\/Mistral-1-150x150.jpg\" class=\"attachment-thumbnail size-thumbnail wp-post-image\" alt=\"\" style=\"\" \/><\/div><a class=\"wp-block-latest-posts__post-title\" href=\"http:\/\/www.adopte-un-rongeur.fr\/asso\/mistral-cochon-dinde-male-castre-caen-14\/\">Mistral, cochon d&rsquo;inde m\u00e2le castr\u00e9, n\u00e9 vers mi 2024 (St Pierre en Auge, 14)<\/a><time datetime=\"2025-12-29T18:36:51+01:00\" class=\"wp-block-latest-posts__post-date\">29 d\u00e9cembre 2025<\/time><\/li>\n<li><div class=\"wp-block-latest-posts__featured-image aligncenter\"><img loading=\"lazy\" decoding=\"async\" width=\"150\" height=\"150\" src=\"http:\/\/www.adopte-un-rongeur.fr\/asso\/wp-content\/uploads\/2025\/12\/Lilie2-150x150.jpg\" class=\"attachment-thumbnail size-thumbnail wp-post-image\" alt=\"\" style=\"\" \/><\/div><a class=\"wp-block-latest-posts__post-title\" href=\"http:\/\/www.adopte-un-rongeur.fr\/asso\/lilie-cochon-dinde-femelle-sevran-paris\/\">Lilie, cochon d&rsquo;inde femelle n\u00e9e vers mi 2024 (Sevran, 93)<\/a><time datetime=\"2025-12-28T19:52:11+01:00\" class=\"wp-block-latest-posts__post-date\">28 d\u00e9cembre 2025<\/time><\/li>\n<\/ul><\/div><\/div>\n\n\n\n<div style=\"height:50px\" aria-hidden=\"true\" class=\"wp-block-spacer\"><\/div>\n\n\n\n<figure class=\"wp-block-embed is-type-video is-provider-youtube wp-block-embed-youtube wp-embed-aspect-16-9 wp-has-aspect-ratio\"><div class=\"wp-block-embed__wrapper\">\n<iframe loading=\"lazy\" title=\"Pr\u00e9sentation de l&#039;association Adopte un Rongeur\" width=\"640\" height=\"360\" src=\"https:\/\/www.youtube.com\/embed\/N_e2suXkWp0?feature=oembed\" frameborder=\"0\" allow=\"accelerometer; autoplay; clipboard-write; encrypted-media; gyroscope; picture-in-picture; web-share\" referrerpolicy=\"strict-origin-when-cross-origin\" allowfullscreen><\/iframe>\n<\/div><\/figure>\n\n\n\n<div style=\"height:50px\" aria-hidden=\"true\" class=\"wp-block-spacer\"><\/div>\n\n\n\n<div class=\"wp-block-columns is-layout-flex wp-container-core-columns-is-layout-9d6595d7 wp-block-columns-is-layout-flex\">\n<div class=\"wp-block-column is-layout-flow wp-block-column-is-layout-flow\">\n<div class=\"wp-block-cover is-light\"><img loading=\"lazy\" decoding=\"async\" width=\"420\" height=\"493\" class=\"wp-block-cover__image-background wp-image-1691\" alt=\"\" src=\"http:\/\/www.adopte-un-rongeur.fr\/asso\/wp-content\/uploads\/2025\/02\/flyer-preview.jpg\" data-object-fit=\"cover\" srcset=\"http:\/\/www.adopte-un-rongeur.fr\/asso\/wp-content\/uploads\/2025\/02\/flyer-preview.jpg 420w, http:\/\/www.adopte-un-rongeur.fr\/asso\/wp-content\/uploads\/2025\/02\/flyer-preview-256x300.jpg 256w\" sizes=\"auto, (max-width: 420px) 100vw, 420px\" \/><span aria-hidden=\"true\" class=\"wp-block-cover__background has-background-dim\" style=\"background-color:#d9b38d\"><\/span><div class=\"wp-block-cover__inner-container is-layout-constrained wp-block-cover-is-layout-constrained\">\n<p class=\"has-text-align-center has-large-font-size\"><a href=\"http:\/\/www.adopte-un-rongeur.fr\/IMG\/pdf\/flyer_2024.pdf\" target=\"_blank\" rel=\"noreferrer noopener\">T\u00e9l\u00e9charger notre brochure<\/a><\/p>\n<\/div><\/div>\n<\/div>\n\n\n\n<div class=\"wp-block-column is-layout-flow wp-block-column-is-layout-flow\">\n<div class=\"wp-block-cover is-light\"><img loading=\"lazy\" decoding=\"async\" width=\"500\" height=\"500\" class=\"wp-block-cover__image-background wp-image-1585\" alt=\"\" src=\"http:\/\/www.adopte-un-rongeur.fr\/asso\/wp-content\/uploads\/2025\/02\/sample.jpg\" data-object-fit=\"cover\" srcset=\"http:\/\/www.adopte-un-rongeur.fr\/asso\/wp-content\/uploads\/2025\/02\/sample.jpg 500w, http:\/\/www.adopte-un-rongeur.fr\/asso\/wp-content\/uploads\/2025\/02\/sample-300x300.jpg 300w, http:\/\/www.adopte-un-rongeur.fr\/asso\/wp-content\/uploads\/2025\/02\/sample-150x150.jpg 150w, http:\/\/www.adopte-un-rongeur.fr\/asso\/wp-content\/uploads\/2025\/02\/sample-100x100.jpg 100w\" sizes=\"auto, (max-width: 500px) 100vw, 500px\" \/><span aria-hidden=\"true\" class=\"wp-block-cover__background has-background-dim\" style=\"background-color:#b39672\"><\/span><div class=\"wp-block-cover__inner-container is-layout-constrained wp-block-cover-is-layout-constrained\">\n<p class=\"has-text-align-center has-large-font-size\"><a href=\"http:\/\/www.adopte-un-rongeur.fr\/sticker\" target=\"_blank\" rel=\"noreferrer noopener\">G\u00e9n\u00e9rer un autocollant<\/a><\/p>\n<\/div><\/div>\n<\/div>\n\n\n\n<div class=\"wp-block-column is-layout-flow wp-block-column-is-layout-flow\">\n<div class=\"wp-block-cover is-light\"><img loading=\"lazy\" decoding=\"async\" width=\"500\" height=\"500\" class=\"wp-block-cover__image-background wp-image-1693\" alt=\"\" src=\"http:\/\/www.adopte-un-rongeur.fr\/asso\/wp-content\/uploads\/2025\/02\/boutique.jpg\" data-object-fit=\"cover\" srcset=\"http:\/\/www.adopte-un-rongeur.fr\/asso\/wp-content\/uploads\/2025\/02\/boutique.jpg 500w, http:\/\/www.adopte-un-rongeur.fr\/asso\/wp-content\/uploads\/2025\/02\/boutique-300x300.jpg 300w, http:\/\/www.adopte-un-rongeur.fr\/asso\/wp-content\/uploads\/2025\/02\/boutique-150x150.jpg 150w, http:\/\/www.adopte-un-rongeur.fr\/asso\/wp-content\/uploads\/2025\/02\/boutique-100x100.jpg 100w\" sizes=\"auto, (max-width: 500px) 100vw, 500px\" \/><span aria-hidden=\"true\" class=\"wp-block-cover__background has-background-dim\" style=\"background-color:#d4c3b9\"><\/span><div class=\"wp-block-cover__inner-container is-layout-constrained wp-block-cover-is-layout-constrained\">\n<p class=\"has-text-align-center has-large-font-size\"><a href=\"https:\/\/www.helloasso.com\/associations\/adopte-un-rongeur\" target=\"_blank\" rel=\"noreferrer noopener\">Acc\u00e9der \u00e0 la boutique HelloAsso<\/a><\/p>\n<\/div><\/div>\n<\/div>\n<\/div>\n\n\n\n<div style=\"height:50px\" aria-hidden=\"true\" class=\"wp-block-spacer\"><\/div>\n","protected":false},"excerpt":{"rendered":"<p>IMPORTANTAdopte-un-Rongeur est reconnue d\u2019int\u00e9r\u00eat g\u00e9n\u00e9ral et \u00e0 ce titre nous sommes en mesure de d\u00e9livrer des re\u00e7us fiscaux ! Vos dons sont donc d\u00e9ductibles des imp\u00f4ts \u00e0 hauteur de 66%. FAIRE UN DON Derni\u00e8res nouvelles<\/p>\n","protected":false},"author":4,"featured_media":0,"parent":0,"menu_order":0,"comment_status":"closed","ping_status":"closed","template":"","meta":{"footnotes":""},"class_list":["post-1586","page","type-page","status-publish","hentry"],"_links":{"self":[{"href":"http:\/\/www.adopte-un-rongeur.fr\/asso\/wp-json\/wp\/v2\/pages\/1586","targetHints":{"allow":["GET"]}}],"collection":[{"href":"http:\/\/www.adopte-un-rongeur.fr\/asso\/wp-json\/wp\/v2\/pages"}],"about":[{"href":"http:\/\/www.adopte-un-rongeur.fr\/asso\/wp-json\/wp\/v2\/types\/page"}],"author":[{"embeddable":true,"href":"http:\/\/www.adopte-un-rongeur.fr\/asso\/wp-json\/wp\/v2\/users\/4"}],"replies":[{"embeddable":true,"href":"http:\/\/www.adopte-un-rongeur.fr\/asso\/wp-json\/wp\/v2\/comments?post=1586"}],"version-history":[{"count":42,"href":"http:\/\/www.adopte-un-rongeur.fr\/asso\/wp-json\/wp\/v2\/pages\/1586\/revisions"}],"predecessor-version":[{"id":2190,"href":"http:\/\/www.adopte-un-rongeur.fr\/asso\/wp-json\/wp\/v2\/pages\/1586\/revisions\/2190"}],"wp:attachment":[{"href":"http:\/\/www.adopte-un-rongeur.fr\/asso\/wp-json\/wp\/v2\/media?parent=1586"}],"curies":[{"name":"wp","href":"https:\/\/api.w.org\/{rel}","templated":true}]}}